{"id":34,"date":"2026-04-20T07:52:38","date_gmt":"2026-04-20T07:52:38","guid":{"rendered":"http:\/\/doper.parcelselector.com\/?product=science-in-sport-go-electrolyte-powder-1600g-lemon-lime"},"modified":"2026-04-20T09:51:11","modified_gmt":"2026-04-20T09:51:11","slug":"science-in-sport-go-electrolyte-powder-1600g-lemon-lime","status":"publish","type":"product","link":"https:\/\/doper.parcelselector.com\/?product=science-in-sport-go-electrolyte-powder-1600g-lemon-lime","title":{"rendered":"Science in Sport &#8211; GO Electrolyte Powder 1600g Lemon &#038; Lime"},"content":{"rendered":"<div class=\"mpof_ki myre_zn myre_8v_l m389_6m_l\">\n<div class=\"mp4t_16_s mryx_16_s mr3m_1 mli2_1 mh85_56 mh85_0_l\">\n<div class=\"mgn2_16 _0d3bd_am0a-\">\n<h1>GO Electrolytes Powder is a sports drink mix containing selected electrolytes and carbohydrates<\/h1>\n<p><b>GO Electrolytes Powder<\/b> is an instant <b>carbohydrate and mineral mix<\/b> for preparing a <b>sports drink.<\/b> As the name suggests, it also contains selected electrolytes such as <b>calcium, magnesium and potassium.<\/b> These are lost from the body through sweat during sporting activity. However, the composition also includes <b>salt<\/b>, which naturally contains the electrolyte <b>sodium.<\/b><\/p>\n<p>\u00a0<\/p>\n<\/div>\n<\/div>\n<\/div>\n<p>However, the GO Electrolytes powder mix would not be complete without a good dose of <b>carbohydrates<\/b>, in this case there are <b>36 g per serving<\/b>. These will fuel you during training sessions and races as well as intensive workouts. In addition, the supplement is available in the form of a highly soluble powder mix that has a <b>fresh fruity taste<\/b> and dissolves easily. You can therefore prepare from it a <b>sports drink<\/b> to sip before, during or after activity. Its formula also makes it suitable for vegans.<\/p>\n<p>GO Electrolytes Powder and its benefits<\/p>\n<ul>\n<li>Sports drink for active people<\/li>\n<li>Functional mix of carbohydrates, salts, calcium, magnesium and potassium<\/li>\n<li>36 g of carbohydrates per serving<\/li>\n<li>Contains selected electrolytes that we lose through sweating<\/li>\n<\/ul>\n<li>wyst\u0119puje w postaci wysoce rozpuszczalnego proszku<\/li>\n<li>do przygotowania napoju instant<\/li>\n<li>&gt;ma pyszny owocowy smak<\/li>\n<li>idealny w trakcie, przed i po uprawianiu sportu<\/li>\n<li>odpowiedni dla wegan<\/li>\n<\/ul>\n<p>\u00a0<\/p>\n<h2>Sk\u0142adniki<\/h2>\n<p><b>Smak limonkowo-cytrynowy: <\/b>mieszanka w\u0119glowodan\u00f3w (93%) (maltodekstryna (z kukurydzy), fruktoza), kwas cytrynowy, elektrolity (2%) (chlorek sodu, mleczan wapnia, chlorek potasu, cytrynian sodu, cytrynian magnezu), naturalny aromat, substancja s\u0142odz\u0105ca (aspartam). Zawiera \u017ar\u00f3d\u0142o fenyloalaniny.<\/p>\n<p><b>Smak pomara\u0144czowy:<\/b> mieszanka w\u0119glowodan\u00f3w (93%) (maltodekstryna (kukurydza), fruktoza), kwas cytrynowy, elektrolity (2%) (chlorek sodu, mleczan wapnia, chlorek potasu, cytrynian sodu, cytrynian magnezu), naturalny aromat, substancja s\u0142odz\u0105ca (aspartam). Zawiera \u017ar\u00f3d\u0142o fenyloalaniny.<\/p>\n<p><strong>Blackcurrant flavour:<\/strong> Carbohydrate blend (93%) (maize maltodextrin, fructose), citric acid, electrolytes (2%) (sodium chloride, calcium lactate, potassium chloride, sodium citrate, magnesium citrate), natural flavouring, sweetener (aspartame). Contains a source of phenylalanine.<\/p>\n<p>\u00a0<\/p>\n<h2>Dosage<\/h2>\n<p>Add 40g (2 scoops) to 500ml in a shaker bottle and shake well. Drink within 24 hours. Take every 45-60 minutes of exercise or as required.<\/p>\n<p>\u00a0<\/p>\n<h2>Nutritional facts<\/h2>\n<p>\nNutritional information &#8211; lime and citrus, orange, blackcurrant flavour<br \/>\n1 portion (40 g)<br \/>\n100 g<br \/>\nEnergy<br \/>\n619 kJ \/ 146 kcal<br \/>\n1547 kJ \/ 364 kcal<br \/>\nFat<br \/>\n0 g<br \/>\n0 g<br \/>\nof which saturates<br \/>\n0 g<br \/>\n0 g<br \/>\nCarbohydrate<br \/>\n36 g<br \/>\n91 g<br \/>\nof which sugars<br \/>\n6,7 g<br \/>\n17 g<br \/>\nProtein<br \/>\n0 g<br \/>\n0 g<br \/>\nFibre<br \/>\n0 g<br \/>\n0 g<br \/>\nSalt<br \/>\n0,5 g<br \/>\n1,3 g\n<\/p>\n<p><strong>Vitamins and Minerals (% RI*)<\/strong><\/p>\n<p>\u00a0<\/p>\n<p>Calcium<\/p>\n<p>27 mg (3%) <\/p>\n<p>66 mg (8%)<\/p>\n<p>Magnesium<\/p>\n<p>5 mg (1%) <\/p>\n<p>13 mg (4%)<\/p>\n<p>Potassium<\/p>\n<p>60 mg (3%) <\/p>\n<p>150 mg (8%)<\/p>\n<p>\u00a0*Reference intake for an average adult (8400 kJ \/ 2000 kcal)<\/p>\n<p>\u00a0<\/p>\n<h2>Warning<\/h2>\n<p>This product should not be used as a substitute for a varied diet. Store in a dry place at less than 25 \u00b0C. Protect from frost and direct sunlight. Not suitable for children, pregnant or breastfeeding women. Keep out of reach of small children. The manufacturer is not liable for any damage resulting from incorrect use or storage. Do not exceed the recommended daily intake.<\/p>\n<\/div>\n<\/div>\n<\/div>\n<div class=\"mpof_ki myre_zn myre_8v_l m389_6m_l\">\n<div class=\"mp4t_16_s mryx_16_s mr3m_1 mli2_1 mh85_56 mh85_0_l\">\n<div class=\"mgn2_16 _0d3bd_am0a-\">\n<ul>\n<li><b>Form:<\/b> powder<\/li>\n<li><b>Vegan:<\/b> yes<\/li>\n<li><b>Vegetarian:<\/b> yes<\/li>\n<li><b>Lactose-free:<\/b> no<\/li>\n<li><b>BIO:<\/b> no<\/li>\n<li><b>GMO-free:<\/b> no<\/li>\n<li><b>Contains no artificial sweeteners:<\/b> no<\/li>\n<\/ul>\n<\/div>\n<\/div>\n<\/div>\n<div class=\"mpof_ki myre_zn myre_8v_l m389_6m_l\">\n<div class=\"mp4t_16_s mryx_16_s mr3m_1 mli2_1 mh85_56 mh85_0_l\">\n<div class=\"mgn2_16 _0d3bd_am0a-\">\n<p><b>GO Electrolyte Powder<\/b> is a soluble mix of <b>carbohydrates and minerals<\/b> for preparing a sports drink. It contains electrolytes such as <b>calcium, magnesium and potassium<\/b>, which are lost through sweat during sporting activities. However, it also contains <b>36 g of carbohydrates<\/b> per serving to fuel you during training or a race.<\/p>\n<\/div>\n<\/div>\n<\/div>\n<div class=\"mp4t_16_s mryx_16_s mr3m_1 mli2_1 mh85_56 mh85_0_l\">\n<div class=\"mg9e_8 mj7a_8 mg9e_0_s mvrt_0_s mj7a_0_s mh36_0_s mzmg_6m munh_16_l m3h2_16_l\">\n<div class=\"mp4t_0 mryx_0 munh_56 m3h2_56\" style=\"max-width:840px;max-height:840px\">\n<div class=\"mp7g_oh\" style=\"padding-top:calc(100% * 840 \/ 840)\"><button aria-disabled=\"true\" class=\"mg9e_0 mvrt_0 mj7a_0 mh36_0 mp4t_0 m3h2_0 mryx_0 munh_0 mqen_m6 mpof_z0 mx7m_0 m7er_k4 mse2_k4 msts_pt\" data-analytics-interaction=\"true\" data-analytics-interaction-label=\"zoomable-image-open\"><img alt=\"Science in Sport - GO Electrolytes Powder 1600g Lemon Lime\" class=\"msub_k4 mupj_5k mjru_k4 mse2_k4 mp7g_f6 mq1m_0 mj7u_0 m7er_k4 lazyload mqen_m6 m31c_d8 m0ux_fp\" data-src=\"https:\/\/a.allegroimg.com\/original\/1189e5\/ec0d15f44956bb8e5d96cf460339\/Science-in-Sport-GO-Electrolytes-Powder-1600g-Lemon-Lime\" data-srcset=\"https:\/\/a.allegroimg.com\/s36\n\n\n<div class=\"au-detail-offer-button au-detailed-view\">\n    <button type=\"button\" class=\"au-btn au-btn--small au-btn--primary au-detail-view-btn\" data-action=\"addToCart\" data-product-id=\"1189e5ec0d15f44956bb8e5d96cf460339\"><br \/>\n        <span class=\"au-detail-view-icon\"><\/span><br \/>\n        <img decoding=\"async\" src=\"https:\/\/a.allegroimg.com\/s360\/1189e5\/ec0d15f44956bb8e5d96cf460339\/Science-in-Sport-GO-Elektrolity-w-proszku-1600-g-limonka-cytryna 360w\" alt=\"Science in Sport GO Electrolytes in Powder 1600 g Lemon &amp; Lime\"><br \/>\n    <\/button>\n<\/div>\n<\/div>\n<\/div>\n<\/div>\n<\/div>\n","protected":false},"excerpt":{"rendered":"<p>GO Electrolytes Powder is a sports drink mix containing selected electrolytes and carbohydrates GO Electrolytes Powder is an instant carbohydrate and mineral mix for preparing a sports drink. As the name suggests, it also contains selected electrolytes such as calcium, magnesium and potassium. These are lost from the body through sweat during sporting activity. However, [&hellip;]<\/p>\n","protected":false},"featured_media":195,"comment_status":"open","ping_status":"closed","template":"","meta":[],"product_brand":[],"product_cat":[15],"product_tag":[],"class_list":{"0":"post-34","1":"product","2":"type-product","3":"status-publish","4":"has-post-thumbnail","6":"product_cat-uncategorized","8":"first","9":"instock","10":"shipping-taxable","11":"purchasable","12":"product-type-simple"},"_links":{"self":[{"href":"https:\/\/doper.parcelselector.com\/index.php?rest_route=\/wp\/v2\/product\/34","targetHints":{"allow":["GET"]}}],"collection":[{"href":"https:\/\/doper.parcelselector.com\/index.php?rest_route=\/wp\/v2\/product"}],"about":[{"href":"https:\/\/doper.parcelselector.com\/index.php?rest_route=\/wp\/v2\/types\/product"}],"replies":[{"embeddable":true,"href":"https:\/\/doper.parcelselector.com\/index.php?rest_route=%2Fwp%2Fv2%2Fcomments&post=34"}],"wp:featuredmedia":[{"embeddable":true,"href":"https:\/\/doper.parcelselector.com\/index.php?rest_route=\/wp\/v2\/media\/195"}],"wp:attachment":[{"href":"https:\/\/doper.parcelselector.com\/index.php?rest_route=%2Fwp%2Fv2%2Fmedia&parent=34"}],"wp:term":[{"taxonomy":"product_brand","embeddable":true,"href":"https:\/\/doper.parcelselector.com\/index.php?rest_route=%2Fwp%2Fv2%2Fproduct_brand&post=34"},{"taxonomy":"product_cat","embeddable":true,"href":"https:\/\/doper.parcelselector.com\/index.php?rest_route=%2Fwp%2Fv2%2Fproduct_cat&post=34"},{"taxonomy":"product_tag","embeddable":true,"href":"https:\/\/doper.parcelselector.com\/index.php?rest_route=%2Fwp%2Fv2%2Fproduct_tag&post=34"}],"curies":[{"name":"wp","href":"https:\/\/api.w.org\/{rel}","templated":true}]}}