{"id":32,"date":"2026-04-20T07:52:38","date_gmt":"2026-04-20T07:52:38","guid":{"rendered":"http:\/\/doper.parcelselector.com\/?product=biosterol-natural-steroid-replacer-muscle-mass-strength-megabol-30-caps"},"modified":"2026-04-20T09:49:03","modified_gmt":"2026-04-20T09:49:03","slug":"biosterol-natural-steroid-replacer-muscle-mass-strength-megabol-30-caps","status":"publish","type":"product","link":"https:\/\/doper.parcelselector.com\/?product=biosterol-natural-steroid-replacer-muscle-mass-strength-megabol-30-caps","title":{"rendered":"BIOSTEROL NATURAL STEROID REPLACER MUSCLE MASS &#038; STRENGTH &#8211; Megabol 30 caps"},"content":{"rendered":"<div class=\"mpof_ki myre_zn myre_8v_l m389_6m_l\">\n<div class=\"mp4t_16_s mryx_16_s mr3m_1 mli2_1 mh85_56 mh85_0_l\">\n<div class=\"mgn2_16 _0d3bd_am0a-\">\n<h1>Biosterol &#8211; an effective supplement containing steroidal alkaloids for strength athletes, bodybuilders and powerlifters<\/h1>\n<\/div>\n<\/div>\n<\/div>\n<div class=\"mpof_ki myre_zn myre_8v_l m389_6m_l\">\n<div class=\"mp4t_16_s mryx_16_s mr3m_1 mli2_1 mh85_56 mh85_0_l\">\n<div class=\"mg9e_8 mj7a_8 mg9e_0_s mvrt_0_s mj7a_0_s mh36_0_s mzmg_6m munh_16_l m3h2_16_l\">\n<div class=\"mp4t_0 mryx_0 munh_56 m3h2_56\" style=\"max-width:1200px;max-height:1200px\">\n<div class=\"mp7g_oh\" style=\"padding-top:calc(100% * 1200 \/ 1200)\"><button aria-disabled=\"true\" class=\"mg9e_0 mvrt_0 mj7a_0 mh36_0 mp4t_0 m3h2_0 mryx_0 munh_0 mqen_m6 mpof_z0 mx7m_0 m7er_k4 mse2_k4 msts_pt\" data-analytics-interaction=\"true\" data-analytics-interaction-label=\"zoomable-image-open\"><img alt=\"BIOSTEROL NATURALNY ZAMIENNIK STERYD\u00d3W MASA I SI\u0141A MI\u0118\u015aNI - Megabol 30 kaps\" class=\"msub_k4 mupj_5k mjru_k4 mse2_k4 mp7g_f6 mq1m_0 mj7u_0 m7er_k4 lazyload mqen_m6 m31c_d8 m0ux_fp\" data-src=\"https:\/\/a.allegroimg.com\/original\/11f715\/c501f32f4e32a02abaa2a9e3e01b\/BIOSTEROL-NAT\n\n\n<div class=\"rich-snippet\">\n<h1>BIOSTEROL &#8211; NATURALNY ZAMIENNIK STERYD\u00d3W, MASA I SI\u0141A MI\u0118\u015aNIOWA<\/h1>\n<p>Megabol 30 kapsu\u0142ek<\/p>\n<p>    <img decoding=\"async\" src=\"https:\/\/a.allegroimg.com\/s360\/11f715\/c501f32f4e32a02abaa2a9e3e01b\/BIOSTEROL-NATURALNY-ZAMIENNIK-STERYDOW-MASA-I-SILA-MIESNI-Megabol-30-kaps\" alt=\"BIOSTEROL - NATURALNY ZAMIENNIK STERYD\u00d3W, MASA I SI\u0141A MI\u0118\u015aNIOWA Megabol 30 kapsu\u0142ek\"><\/p>\n<div class=\"offer-attributes\">\n        <span>Cena: <\/span><span>49.99 PLN<\/span><br \/>\n        <span>Dost\u0119pno\u015b\u0107: <\/span><span>W magazynie<\/span>\n    <\/div>\n<\/div>\n<p><button class=\"button button-primary\" data-sizing=\"true\"><\/p>\n<div class=\"button-content\"><img decoding=\"async\" src=\"https:\/\/assets.allegrostatic.com\/metrum\/metrum-placeholder\/placeholder-405f0677c6.svg\" alt=\"placeholder\" width=\"1200px\"\/><\/div>\n<p><\/button><\/div>\n<\/div>\n<\/div>\n<\/div>\n<div class=\"mp4t_16_s mryx_16_s mr3m_1 mli2_1 mh85_56 mh85_0_l\">\n<div class=\"mgn2_16 _0d3bd_am0a-\">\n<p><b>Biosterol<\/b> is one of the well-known <b>supplements in the world of strength sports and bodybuilding.<\/b> It is a convenient capsule containing saponins, phytosterols and <b>steroidal alkaloids.<\/b> It is easy to take, and this supplement will be appreciated by <b>strength athletes, bodybuilders and powerlifters<\/b>, who want to raise their level of training.<\/p>\n<\/div>\n<\/div>\n<\/div>\n<div class=\"mpof_ki myre_zn myre_8v_l m389_6m_l\">\n<div class=\"mp4t_16_s mryx_16_s mr3m_1 mli2_1 mh85_56 mh85_0_l\">\n<div class=\"mgn2_16 _0d3bd_am0a-\">\n<h2>Biosterol and its advantages<\/h2>\n<ul>\n<li>effective supplement for strength athletes<\/li>\n<li>convenient capsule form<\/li>\n<li>contains saponins, phytosterols and steroidal alkaloids<\/li>\n<li>easy to take<\/li>\n<\/ul>\n<\/div>\n<\/div>\n<\/div>\n<li>valued by strength athletes, bodybuilders and powerlifters<\/li>\n<\/ul>\n<h2>Ingredients<\/h2>\n<p>Extracts (fluids): Nigellae fluidum &#8211; black cumin, Capsici fluidum &#8211; red pepper, Trigonellae fluidum &#8211; fenugreek, Myristicae fluidum &#8211; nutmeg, Glycyrrhizate siccum &#8211; liquorice, Cynarae fluidum &#8211; artichoke, carrier &#8211; vegetable oil, softgel capsule &#8211; porcine gelatin, preservative &#8211; benzoic acid.<\/p>\n<h2>Dosage<\/h2>\n<p>Take 1-2 capsules in the morning after a meal. Biosterol should be taken daily. Due to its stimulating effect, take within 18 hours of the day. On training days, take 1 capsule with the last meal before training. If taking 2 capsules per day &#8211; take twice a day after meals.<\/p>\n<h2>Nutritional facts<\/h2>\n<ul>\n<li><b>Nutritional values:<\/b> 1 capsule<\/li>\n<li><b>Saponins:<\/b> 200 mg<\/li>\n<li><b>Phytosterols:<\/b> 66 mg<\/li>\n<li><b>Steroidal alkaloids:<\/b> 0,25 mg<\/li>\n<\/ul>\n<h2>Warning<\/h2>\n<p>Biosterol is not suitable for use by women or persons under the age of 18! Do not exceed the recommended daily dose. This product does not replace a varied and balanced diet. Store in a place out of reach of small children. Store in a dry place, away from direct sunlight, at room temperature.<\/p>\n<\/div>\n<\/div>\n<\/div>\n<div class=\"mpof_ki myre_zn myre_8v_l m389_6m_l\">\n<div class=\"mp4t_16_s mryx_16_s mr3m_1 mli2_1 mh85_56 mh85_0_l\">\n<div class=\"mgn2_16 _0d3bd_am0a-\">\n<ul>\n<li><b>Form:<\/b> capsule<\/li>\n<li><b>Vegan:<\/b> no<\/li>\n<li><b>Vegetarian:<\/b> no<\/li>\n<li><b>Lactose free:<\/b> yes<\/li>\n<li><b>Gluten free:<\/b> yes<\/li>\n<li><b>BIO:<\/b> no<\/li>\n<li><b>GMO-free:<\/b> no<\/li>\n<li><b>No artificial sweeteners:<\/b> yes<\/li>\n<\/ul>\n<\/div>\n<\/div>\n<\/div>\n<div class=\"mpof_ki myre_zn myre_8v_l m389_6m_l\">\n<div class=\"mp4t_16_s mryx_16_s mr3m_1 mli2_1 mh85_56 mh85_0_l\">\n<div class=\"mgn2_16 _0d3bd_am0a-\">\n<p><b>Biosterol<\/b> is an effective supplement in the form of capsules, which contains saponins, phytosterols and <b>steroidal alkaloids.<\/b> It is easy to take and will be appreciated by <b>strength athletes, bodybuilders, powerlifters or weightlifters<\/b>, who want to achieve their training goals.<\/p>\n<\/div>\n<\/div>\n<\/div>\n<div class=\"mp4t_16_s mryx_16_s mr3m_1 mli2_1 mh85_56 mh85_0_l\">\n<div class=\"mg9e_8 mj7a_8 mg9e_0_s mvrt_0_s mj7a_0_s mh36_0_s mzmg_6m munh_16_l m3h2_16_l\">\n<div class=\"mp4t_0 mryx_0 munh_56 m3h2_56\" style=\"max-width:1200px;max-height:1200px\">\n<div class=\"mp7g_oh\" style=\"padding-top:calc(100% * 1200 \/ 1200)\"><button aria-disabled=\"true\" class=\"mg9e_0 mvrt_0 mj7a_0 mh36_0 mp4t_0 m3h2_0 mryx_0 munh_0 mqen_m6 mpof_z0 mx7m_0 m7er_k4 mse2_k4 msts_pt\" data-analytics-interaction=\"true\" data-analytics-interaction-label=\"zoomable-image-open\"><img alt=\"BIOSTEROL NATURALNY ZAMIENNIK STERYD\u00d3W MASA I SI\u0141A MI\u0118\u015aNI - Megabol 30 kaps\" class=\"msub_k4 mupj_5k mjru_k4 mse2_k4 mp7g_f6 mq1m_0 mj7u_0 m7er_k4 lazyload mqen_m6 m31c_d8 m0ux_fp\" data-src=\"https:\/\/a.allegroimg.com\/original\/11f715\/c501f32f4e32a02abaa2a9e3e01b\/BIOSTEROL-NATURALNY-ZAMIENNIK-STERYDOW-MASA-I-SILA-MIESNI\n\/\/a.allegroimg.com\/s360\/11f715\/c501f32f4e32a02abaa2a9e3e01b\/BIOSTEROL-NATURALNY-ZAMIENNIK-STERYDOW-MASA-I-SILA-MIESNI-Megabol-30-kaps 360w,https:\/\/a.allegroimg.com\/s720\/11f715\/c501f32f4e32a02abaa2a9e3e01b\/BIOSTEROL-NATURALNY-ZAMIENNIK-STERYDOW-MASA-I-SILA-MIESNI-Megabol-30-kaps 720w,https:\/\/a.allegroimg.com\/s1024\/11f715\/c501f32f4e32a02abaa2a9e3e01b\/BIOSTEROL-NATURALNY-ZAMIENNIK-STERYDOW-MASA-I-SILA-MIESNI-Megabol-30-kaps 1024w,https:\/\/a.allegroimg.com\/s1440\/11f715\/c501f32f4e32a02abaa2a9e3e01b\/BIOSTEROL-NATURALNY-ZAMIENNIK-STERYDOW-MASA-I-SILA-MIESNI-Megabol-30-kaps 1200w,https:\/\/a.allegroimg.com\/original\/11f715\/c501f32f4e32a02abaa2a9e3e01b\/BIOSTEROL-NATURALNY-ZAMIENNIK-STERYDOW-MASA-I-SILA-MIESNI-Megabol-30-kaps 1200w\" sizes=\"(min-\n:\/\/assets.allegrostatic.com\/metrum\/metrum-placeholder\/placeholder-405f0677c6.svg\" width=\"1200px\"\/><\/button><\/div>\n<\/div>\n<\/div>\n<\/div>\n<\/div>\n","protected":false},"excerpt":{"rendered":"<p>Biosterol &#8211; an effective supplement containing steroidal alkaloids for strength athletes, bodybuilders and powerlifters<\/p>\n","protected":false},"featured_media":140,"comment_status":"open","ping_status":"closed","template":"","meta":[],"product_brand":[],"product_cat":[15],"product_tag":[],"class_list":{"0":"post-32","1":"product","2":"type-product","3":"status-publish","4":"has-post-thumbnail","6":"product_cat-uncategorized","8":"first","9":"instock","10":"shipping-taxable","11":"purchasable","12":"product-type-simple"},"_links":{"self":[{"href":"https:\/\/doper.parcelselector.com\/index.php?rest_route=\/wp\/v2\/product\/32","targetHints":{"allow":["GET"]}}],"collection":[{"href":"https:\/\/doper.parcelselector.com\/index.php?rest_route=\/wp\/v2\/product"}],"about":[{"href":"https:\/\/doper.parcelselector.com\/index.php?rest_route=\/wp\/v2\/types\/product"}],"replies":[{"embeddable":true,"href":"https:\/\/doper.parcelselector.com\/index.php?rest_route=%2Fwp%2Fv2%2Fcomments&post=32"}],"wp:featuredmedia":[{"embeddable":true,"href":"https:\/\/doper.parcelselector.com\/index.php?rest_route=\/wp\/v2\/media\/140"}],"wp:attachment":[{"href":"https:\/\/doper.parcelselector.com\/index.php?rest_route=%2Fwp%2Fv2%2Fmedia&parent=32"}],"wp:term":[{"taxonomy":"product_brand","embeddable":true,"href":"https:\/\/doper.parcelselector.com\/index.php?rest_route=%2Fwp%2Fv2%2Fproduct_brand&post=32"},{"taxonomy":"product_cat","embeddable":true,"href":"https:\/\/doper.parcelselector.com\/index.php?rest_route=%2Fwp%2Fv2%2Fproduct_cat&post=32"},{"taxonomy":"product_tag","embeddable":true,"href":"https:\/\/doper.parcelselector.com\/index.php?rest_route=%2Fwp%2Fv2%2Fproduct_tag&post=32"}],"curies":[{"name":"wp","href":"https:\/\/api.w.org\/{rel}","templated":true}]}}