{"id":30,"date":"2026-04-20T07:52:38","date_gmt":"2026-04-20T07:52:38","guid":{"rendered":"http:\/\/doper.parcelselector.com\/?product=whey-protein-just-whey-wpc-wpi-wph-gymbeam-1000g-vanilla"},"modified":"2026-04-20T09:49:23","modified_gmt":"2026-04-20T09:49:23","slug":"whey-protein-just-whey-wpc-wpi-wph-gymbeam-1000g-vanilla","status":"publish","type":"product","link":"https:\/\/doper.parcelselector.com\/?product=whey-protein-just-whey-wpc-wpi-wph-gymbeam-1000g-vanilla","title":{"rendered":"WHEY PROTEIN JUST WHEY WPC WPI WPH GymBeam 1000g Vanilla"},"content":{"rendered":"<div class=\"mpof_ki myre_zn myre_8v_l m389_6m_l\">\n<div class=\"mp4t_16_s mryx_16_s mr3m_1 mli2_1 mh85_56 mh85_0_l\">\n<div class=\"mgn2_16 _0d3bd_am0a-\">\n<h1>Just Whey &#8211; a delicious whey protein derived from grass-fed cows&#8217; milk to help you meet your daily protein intake<\/h1>\n<\/div>\n<\/div>\n<\/div>\n<div class=\"mpof_ki myre_zn myre_8v_l m389_6m_l\">\n<div class=\"mp4t_16_s mryx_16_s mr3m_1 mli2_1 mh85_56 mh85_0_l\">\n<div class=\"mg9e_8 mj7a_8 mg9e_0_s mvrt_0_s mj7a_0_s mh36_0_s mzmg_6m munh_16_l m3h2_16_l\">\n<div class=\"mp4t_0 mryx_0 munh_56 m3h2_56\" style=\"max-width:1400px;max-height:1400px\">\n<div class=\"mp7g_oh\" style=\"padding-top:calc(100% * 1400 \/ 1400)\"><button aria-disabled=\"true\" class=\"mg9e_0 mvrt_0 mj7a_0 mh36_0 mp4t_0 m3h2_0 mryx_0 munh_0 mqen_m6 mpof_z0 mx7m_0 m7er_k4 mse2_k4 msts_pt\" data-analytics-interaction=\"true\" data-analytics-interaction-label=\"zoomable-image-open\"><img alt=\"GymBeam Just Whey protein powder whey protein ice cream vanilla 1 kg\" class=\"msub_k4 mupj_5k mjru_k4 mse2_k4 mp7g_f6 mq1m_0 mj7u_0 m7er_k4 lazyload mqen_m6 m31c_d8 m0ux_fp\" data-src=\"https:\/\/a.allegroimg.com\/original\/116f90\/1a0c981a46278b3d996bf3ca8304\/GymBeam-Just-Whey-odzywka-bialkowa-bialko-serwatk\nkowe-lody-waniliowe-1-kg\" data-srcset=\"https:\/\/a.allegroimg.com\/s360\/116f90\/1a0c981a46278b3d996bf3ca8304\/GymBeam-Just-Whey-odzywka-bialkowa-bialko-serwatkowe-lody-waniliowe-1-kg 359w,https:\/\/a.allegroimg.com\/s720\/116f90\/1a0c981a46278b3d996bf3ca8304\/GymBeam-Just-Whey-odzywka-bialkowa-bialko-serwatkowe-lody-waniliowe-1-kg 719w,https:\/\/a.allegroimg.com\/s1024\/116f90\/1a0c981a46278b3d996bf3ca8304\/GymBeam-Just-Whey-odzywka-bialkowa-bialko-serwatkowe-lody-waniliowe-1-kg 1024w,https:\/\/a.allegroimg.com\/s1440\/116f90\/1a0c981a46278b3d996bf3ca8304\/GymBeam-Just-Whey-odzywka-bialkowa-bialko-serwatkowe-lody-waniliowe-1-kg 1400w,https:\/\/a.allegroimg.com\/original\/116f90\/1a0c981a46278b3d996bf3ca8304\/GymBeam-Just-Whey-odzywka-bialkowa-bialko-serwatkowe-lody-waniliowe-1-kg 1400w\" sizes=\"(min-width: 12\n<button class=\"au-animate-fade-enter\" aria-label=\"Add to cart\" tabindex=\"0\"><span class=\"au-animate-fade-enter\">Add to cart<\/span><\/p>\n<div class=\"au-animate-scale-enter au-animate-opacity-enter\"><img decoding=\"async\" class=\"au-animate-opacity-enter\" src=\"https:\/\/assets.allegrostatic.com\/metrum\/metrum-placeholder\/placeholder-405f0677c6.svg\" alt=\"\" loading=\"lazy\" data-srcset=\"https:\/\/assets.allegrostatic.com\/metrum\/metrum-placeholder\/placeholder-405f0677c6.svg 1400w, https:\/\/assets.allegrostatic.com\/metrum\/metrum-placeholder\/placeholder-405f0677c6-2x.svg 2800w\" data-src=\"https:\/\/assets.allegrostatic.com\/metrum\/metrum-placeholder\/placeholder-405f0677c6.svg\" width=\"1400px\"\/><\/div>\n<p><\/button>\n<\/div>\n<\/div>\n<\/div>\n<div class=\"mp4t_16_s mryx_16_s mr3m_1 mli2_1 mh85_56 mh85_0_l\">\n<div class=\"mgn2_16 _0d3bd_am0a-\">\n<p><b>Just Whey<\/b> is a <b>multi-component whey protein,<\/b> which easily helps to supplement your daily intake of protein after training and at any other time. The core of the product is a unique blend of <b>whey concentrate, isolate and hydrolysate.<\/b> Thanks to this combination of proteins it naturally contains all essential amino acids in an ideal ratio including BCAA with <b>leucine<\/b> at its head.<\/p>\n<\/div>\n<\/div>\n<\/div>\n<p>This protein will also satisfy you with its origin. It is produced from <strong>milk of cows fed on grass that graze freely (Grass-Fed Protein).<\/strong> This is therefore a raw material of the highest quality. The milk is then subjected to gentle processing methods which preserve <strong>maximum nutritional value.<\/strong> The main advantage is its <strong>high protein content,<\/strong> ensuring that you receive a functional amount of this nutrient in each serving. Protein contributes to <strong>growth and maintenance of muscle mass,<\/strong> as well as to the maintenance of healthy bones. These benefits will particularly delight athletes and other active people who like to consume protein especially after training. In addition, the formula also contains pineapple enzyme <strong>bromelain and DigeZyme\u00ae,<\/strong> a complex of digestive enzymes.<\/p>\n<div class=\"mpof_ki myre_zn myre_8v_l m389_6m_l\">\n<div class=\"mp4t_16_s mryx_16_s mr3m_1 mli2_1 mh85_56 mh85_0_l\">\n<div class=\"mgn2_16 _0d3bd_am0a-\">\n<p><b>Just Whey<\/b> will also be useful for people who want to increase their protein intake, enrich their meals and diversify their diet.<\/p>\n<\/div>\n<\/div>\n<\/div>\n<p>The formula also contains carefully selected <b>vitamins and minerals<\/b>, which participate in many processes in the body. This includes, for example, <b>vitamin B6<\/b>, which supports <b>regulation of hormonal activity<\/b> as well as contributes to <b>reducing fatigue.<\/b> It also helps maintain the proper functioning of the<b> immune system,<\/b> which is a shield protecting our body. The added <b>magnesium<\/b>, on the other hand, contributes to the maintenance of normal <b>muscle function<\/b> and protein synthesis, a process that, among other things, creates muscle mass. It is also worth mentioning <b>zinc<\/b>, which supports the maintenance of normal testosterone levels in the blood.<\/p>\n<p>Just Whey is easy to take and there are several ways you can include it in your diet. Thanks to its <b>delicious taste and excellent solubility,<\/b> it can be taken on its own after being mixed with water or low-fat milk. In this form, it&#8217;s ideal for example <b>after training.<\/b> You can add it to o<b>atmeal, smoothies, yogurt<\/b> or any fit dessert. Choose from a wide range of flavors that are refined in the smallest detail. Are you a fan of fruity protein powders? Then choose blueberry yogurt or banana! They contain <b>powdered freeze-dried berries or bananas,<\/b> which provide maximum authenticity of taste and aroma.<\/p>\n<p>If you are, however, a fan of chocolate and creamier flavors, we have the perfectly creamy <b>chocolate milkshake or vanilla ice cream <\/b>for you, which will delight at any time of the year. We also thought about those who prefer the <b>unflavored option.<\/b> It does not contain sweeteners and is suitable for savory dishes such as pizza dough. In addition, it can also be used to enrich sauces or soups.<\/p>\n<p>Thanks to its versatile use, <b>Just Whey <\/b>will easily fit into your <b>healthy lifestyle.<\/b> It will become a reliable partner that will accompany you on the way to achieving your goals for better well-being.<\/p>\n<\/div>\n<\/div>\n<\/div>\n<div class=\"mpof_ki myre_zn myre_8v_l m389_6m_l\">\n<div class=\"mp4t_16_s mryx_16_s mr3m_1 mli2_1 mh85_56 mh85_0_l\">\n<div class=\"mgn2_16 _0d3bd_am0a-\">\n<h2>Just Whey &amp; its advantages<\/h2>\n<\/div>\n<\/div>\n<\/div>\n<\/div>\n<ul>\n<li>Multi-protein whey blend<\/li>\n<li>Contains a blend of concentrated, isolated and hydrolyzed whey proteins<\/li>\n<li>High protein content<\/li>\n<li>Naturally contains all essential amino acids including BCAA&#8217;s<\/li>\n<li>Source of protein to aid in muscle growth and maintenance<\/li>\n<li>Contributes towards the maintenance of healthy bones thanks to its protein content<\/li>\n<li>Contains carefully selected vitamins and minerals<\/li>\n<li>Helps towards the normal function of muscles and the normal synthesis of proteins thanks to magnesium<\/li>\n<li>Source of Vitamin B6 which helps regulate hormonal activity<\/li>\n<li>Contains zinc which helps maintain normal testosterone levels in the blood<\/li>\n<li>Source of vitamin B6, which contributes towards reducing tiredness and fatigue<\/li>\n<li>Helps maintain normal immune function thanks to Vitamin B6 and Zinc<\/li>\n<\/ul>\n<li>idealny do uzupe\u0142niania bia\u0142ka po treningu i o ka\u017cdej innej porze w ci\u0105gu dnia<\/li>\n<li>\u015bwietnie smakuje i ma doskona\u0142\u0105 rozpuszczalno\u015b\u0107<\/li>\n<li>wzbogaca owsiank\u0119 i inne posi\u0142ki w wysokiej jako\u015bci bia\u0142ko<\/li>\n<li>odpowiedni dla sportowc\u00f3w si\u0142owych i wytrzyma\u0142o\u015bciowych<\/li>\n<li>idealny dla wszystkich aktywnych os\u00f3b<\/li>\n<\/ul>\n<h2>Sk\u0142adniki<\/h2>\n<p><b>Smak lod\u00f3w waniliowych:<\/b> Koncentrat bia\u0142ka <b>serwatkowego,<\/b> izolat bia\u0142ka <b>serwatkowego,<\/b> hydrolizat bia\u0142ka <b>serwatkowego,<\/b> aromat, barwnik (kurkumina), sk\u0142adniki mineralne (magnez, tlenek cynku), Witaminy [witamina E (octan DL-alfa-tokoferylu), witamina B6 (chlorowodorek pirydoksyny)], DigeZyme\u00ae &#8211; mieszanka enzym\u00f3w trawiennych (alfa-amylaza, proteaza, laktaza, lipaza, celulaza), bromelaina, substancje s\u0142odz\u0105ce (sukraloza, glikozydy stewiolowe).<\/p>\n<h2>Zalecane u\u017cycie<\/h2>\n<p>Mix 1 scoop (30g) of protein with 200-300 ml water and consume. Take 1 to 3 times daily for added protein at any time of the day.<\/p>\n<h2>Amino Acid Profile: per 100 g<\/h2>\n<ul>\n<li><b>Aspartic acid:<\/b> 10,8 g<\/li>\n<li><b>Glutamic acid:<\/b> 15,3 g<\/li>\n<li><b>Alanine:<\/b> 4,47 g<\/li>\n<li><b>Arginine:<\/b> 4,47 g<\/li>\n<li><b>Cysteine:<\/b> 2,5 g<\/li>\n<li><b>Glycine:<\/b> 1,76 g<\/li>\n<li><b>Histidine:<\/b> 1,4 g<\/li>\n<li><b>Isoleucine:<\/b> 6,2 g<\/li>\n<li><b>Leucine:<\/b> 9,77 g<\/li>\n<li><b>Lysine:<\/b> 7,59 g<\/li>\n<li><b>Methionine:<\/b> 1,86 g<\/li>\n<li><b>Phenylalanine:<\/b> 3,05 g<\/li>\n<li><b>Proline:<\/b> 5,07 g<\/li>\n<li><b>Serine:<\/b> 3,6 g<\/li>\n<li><b>Threonine:<\/b> 5,74 g<\/li>\n<li><b>Tyrosine:<\/b> 2,53 g<\/li>\n<li><b>Tryptophan:<\/b> 1,75 g<\/li>\n<li><b>Valine:<\/b> 6,01 g<\/li>\n<\/ul>\n<h2>Warning<\/h2>\n<p>Food supplement. Contains sweeteners. Do not exceed the recommended daily intake. The product is not a substitute for a varied and balanced diet. The product is not intended for children. Pregnant women and breastfeeding mothers should consult their doctor before using the product. Store out of reach of small children. Store in a dry place, away from sunlight, at room temperature.<\/p>\n<p><b>Allergen information: <\/b>Allergenic ingredients are indicated in bold within the ingredient list.<\/p>\n<\/div>\n<\/div>\n<\/div>\n<div class=\"mpof_ki myre_zn myre_8v_l m389_6m_l\">\n<div class=\"mp4t_16_s mryx_16_s mr3m_1 mli2_1 mh85_56 mh85_0_l\">\n<div class=\"mgn2_16 _0d3bd_am0a-\">\n<ul>\n<li><b>GMO free:<\/b>\u00a0Yes<\/li>\n<\/ul>\n<\/div>\n<\/div>\n<\/div>\n<div class=\"mpof_ki myre_zn myre_8v_l m389_6m_l\">\n<div class=\"mp4t_16_s mryx_16_s mr3m_1 mli2_1 mh85_56 mh85_0_l\">\n<div class=\"mgn2_16 _0d3bd_am0a-\">\n<p><b>Just Whey<\/b> is a multi-component <b>whey protein<\/b> derived from milk of cows fed on grass. It contains a functional combination of <b>concentrate, isolate and hydrolysate whey.<\/b> <b>It has a high proportion of protein, <\/b>which contributes to the growth and maintenance of <b>muscle mass<\/b> and normal <b>bones.<\/b><\/p>\n<\/div>\n<\/div>\n<\/div>\n<div class=\"mpof_ki myre_zn myre_8v_l m389_6m_l\">\n<div class=\"mp4t_16_s mryx_16_s mr3m_1 mli2_1 mh85_56 mh85_0_l\">\n<div class=\"mg9e_8 mj7a_8 mg9e_0_s mvrt_0_s mj7a_0_s mh36_0_s mzmg_6m munh_16_l m3h2_16_l\">\n<div class=\"mp4t_0 mryx_0 munh_56 m3h2_56\" style=\"max-width:1200px;max-height:1200px\">\n<div class=\"mp7g_oh\" style=\"padding-top:calc(100% * 1200 \/ 1200)\"><button aria-disabled=\"true\" class=\"mg9e_0 mvrt_0 mj7a_0 mh36_0 mp4t_0 m3h2_0 mryx_0 munh_0 mqen_m6 mpof_z0 mx7m_0 m7er_k4 mse2_k4 msts_pt\" data-analytics-interaction=\"true\" data-analytics-interaction-label=\"zoomable-image-open\"><img alt=\"GymBeam Just Whey protein powder whey protein ice cream vanilla 1 kg Number of servings in the package 33\" class=\"msub_k4 mupj_5k mjru_k4 mse2_k4 mp7g_f6 mq1m_0 mj7u_0 m7er_k4 lazyload mqen_m6 m31c_d8 m0ux_fp\" data-src=\"https:\/\/a.allegroimg.com\/original\/11471a\/fc922fb640c79019cc548c05289d\/GymBeam-Just-Whey-\n\"Whey protein, vanilla ice cream flavor, 1 kg - Number of servings per package: 33\" data-srcset=\"https:\/\/a.allegroimg.com\/s360\/11471a\/fc922fb640c79019cc548c05289d\/GymBeam-Just-Whey-odzywka-bialkowa-bialko-serwatkowe-lody-waniliowe-1-kg-Liczba-porcji-w-opakowaniu-33 360w,https:\/\/a.allegroimg.com\/s720\/11471a\/fc922fb640c79019cc548c05289d\/GymBeam-Just-Whey-odzywka-bialkowa-bialko-serwatkowe-lody-waniliowe-1-kg-Liczba-porcji-w-opakowaniu-33 720w,https:\/\/a.allegroimg.com\/s1024\/11471a\/fc922fb640c79019cc548c05289d\/GymBeam-Just-Whey-odzywka-bialkowa-bialko-serwatkowe-lody-waniliowe-1-kg-Liczba-porcji-w-opakowaniu-33 1024w,https:\/\/a.allegroimg.com\/s1440\/11471a\/fc922fb640c79019cc548c05289d\/GymBeam-Just-Whey-odzywka-bialkowa-bialko-serwatkowe-lody-waniliowe-1-kg-Liczba-porcji-w-opakowaniu-33 1200w,https:\/\/a.allegroimg.com\/original\/11471a\/fc922\n\n\n<div class=\"au-detail-offer-button au-detailed-view\">\n    <button data-action=\"add_to_cart\" data-product-id=\"8375649001\" data-variant-id=\"21491193\" data-quantity=\"1\" class=\"au-btn au-detailed-view-btn\">Add to cart<\/button><\/p>\n<div class=\"au-detail-offer-image\">\n        <img loading=\"lazy\" decoding=\"async\" src=\"https:\/\/assets.allegrostatic.com\/metrum\/metrum-placeholder\/placeholder-405f0677c6.svg\" alt=\"Whey protein ice cream vanilla 1kg - Number of portions in the package: 33\" width=\"1200\" height=\"639\" data-src=\"https:\/\/assets.allegrostatic.com\/metrum\/metrum-placeholder\/placeholder-405f0677c6.svg\" data-srcset=\"https:\/\/assets.allegrostatic.com\/metrum\/metrum-placeholder\/placeholder-405f0677c6.svg 1200w, https:\/\/assets.allegrostatic.com\/metrum\/metrum-placeholder\/placeholder-405f0677c6-200x113.jpg 200w, https:\/\/assets.allegrostatic.com\/metrum\/metrum-placeholder\/placeholder-405f0677c6-400x226.jpg 400w, https:\/\/assets.allegrostatic.com\/metrum\/metrum-placeholder\/placeholder-405f0677c6-800x453.jpg 800w\" data-sizes=\"100vw\">\n    <\/div>\n<\/div>\n<\/div>\n<\/div>\n<\/div>\n<\/div>\n","protected":false},"excerpt":{"rendered":"<p>Just Whey &#8211; a delicious whey protein derived from grass-fed cows&#8217; milk to help you meet your daily protein intake<\/p>\n","protected":false},"featured_media":150,"comment_status":"open","ping_status":"closed","template":"","meta":[],"product_brand":[],"product_cat":[15],"product_tag":[],"class_list":{"0":"post-30","1":"product","2":"type-product","3":"status-publish","4":"has-post-thumbnail","6":"product_cat-uncategorized","8":"first","9":"instock","10":"shipping-taxable","11":"purchasable","12":"product-type-simple"},"_links":{"self":[{"href":"https:\/\/doper.parcelselector.com\/index.php?rest_route=\/wp\/v2\/product\/30","targetHints":{"allow":["GET"]}}],"collection":[{"href":"https:\/\/doper.parcelselector.com\/index.php?rest_route=\/wp\/v2\/product"}],"about":[{"href":"https:\/\/doper.parcelselector.com\/index.php?rest_route=\/wp\/v2\/types\/product"}],"replies":[{"embeddable":true,"href":"https:\/\/doper.parcelselector.com\/index.php?rest_route=%2Fwp%2Fv2%2Fcomments&post=30"}],"wp:featuredmedia":[{"embeddable":true,"href":"https:\/\/doper.parcelselector.com\/index.php?rest_route=\/wp\/v2\/media\/150"}],"wp:attachment":[{"href":"https:\/\/doper.parcelselector.com\/index.php?rest_route=%2Fwp%2Fv2%2Fmedia&parent=30"}],"wp:term":[{"taxonomy":"product_brand","embeddable":true,"href":"https:\/\/doper.parcelselector.com\/index.php?rest_route=%2Fwp%2Fv2%2Fproduct_brand&post=30"},{"taxonomy":"product_cat","embeddable":true,"href":"https:\/\/doper.parcelselector.com\/index.php?rest_route=%2Fwp%2Fv2%2Fproduct_cat&post=30"},{"taxonomy":"product_tag","embeddable":true,"href":"https:\/\/doper.parcelselector.com\/index.php?rest_route=%2Fwp%2Fv2%2Fproduct_tag&post=30"}],"curies":[{"name":"wp","href":"https:\/\/api.w.org\/{rel}","templated":true}]}}