{"id":29,"date":"2026-04-20T07:52:38","date_gmt":"2026-04-20T07:52:38","guid":{"rendered":"http:\/\/doper.parcelselector.com\/?product=lifting-straps-deadlift-straps-strong-nylon-gymbeam"},"modified":"2026-04-20T09:47:50","modified_gmt":"2026-04-20T09:47:50","slug":"lifting-straps-deadlift-straps-strong-nylon-gymbeam","status":"publish","type":"product","link":"https:\/\/doper.parcelselector.com\/?product=lifting-straps-deadlift-straps-strong-nylon-gymbeam","title":{"rendered":"LIFTING STRAPS DEADLIFT STRAPS STRONG NYLON &#8211; GymBeam"},"content":{"rendered":"<div class=\"mpof_ki myre_zn myre_8v_l m389_6m_l\">\n<div class=\"mp4t_16_s mryx_16_s mr3m_1 mli2_1 mh85_56 mh85_0_l\">\n<div class=\"mgn2_16 _0d3bd_am0a-\">\n<h1>LIFT weightlifting straps improve your grip on the barbell, allowing you to lift heavier weights or perform more reps<\/h1>\n<\/div>\n<\/div>\n<\/div>\n<div class=\"mpof_ki myre_zn myre_8v_l m389_6m_l\">\n<div class=\"mp4t_16_s mryx_16_s mr3m_1 mli2_1 mh85_56 mh85_0_l\">\n<div class=\"mg9e_8 mj7a_8 mg9e_0_s mvrt_0_s mj7a_0_s mh36_0_s mzmg_6m munh_16_l m3h2_16_l\">\n<div class=\"mp4t_0 mryx_0 munh_56 m3h2_56\" style=\"max-width:1200px;max-height:1200px\">\n<div class=\"mp7g_oh\" style=\"padding-top:calc(100% * 1200 \/ 1200)\"><button aria-disabled=\"true\" class=\"mg9e_0 mvrt_0 mj7a_0 mh36_0 mp4t_0 m3h2_0 mryx_0 munh_0 mqen_m6 mpof_z0 mx7m_0 m7er_k4 mse2_k4 msts_pt\" data-analytics-interaction=\"true\" data-analytics-interaction-label=\"zoomable-image-open\"><img decoding=\"async\" alt=\"Wrist Wrap GymBeam - Unisex Size\" class=\"msub_k4 mupj_5k mjru_k4 mse2_k4 mp7g_f6 mq1m_0 mj7u_0 m7er_k4 lazyload mqen_m6 m31c_d8 m0ux_fp\" data-src=\"https:\/\/a.allegroimg.com\/original\/119dc8\/c3b017c64e43871f18d4c4ba3d55\/Wrist%20Wrap%20GymBeam%20-%20Unisex%20Size\" data-srcset=\"https:\/\/a.\n<img decoding=\"async\" alt=\"Wrist Wraps - GymBeam - Unisex Size\" src=\"https:\/\/a.allegroimg.com\/s360\/119dc8\/c3b017c64e43871f18d4c4ba3d55\/Sciagacz-na-nadgarstek-GymBeam-rozmiar-uniwersalny 360w,https:\/\/a.allegroimg.com\/s720\/119dc8\/c3b017c64e43871f18d4c4ba3d55\/Sciagacz-na-nadgarstek-GymBeam-rozmiar-uniwersalny 720w,https:\/\/a.allegroimg.com\/s1024\/119dc8\/c3b017c64e43871f18d4c4ba3d55\/Sciagacz-na-nadgarstek-GymBeam-rozmiar-uniwersalny 1024w,https:\/\/a.allegroimg.com\/s1440\/119dc8\/c3b017c64e43871f18d4c4ba3d55\/Sciagacz-na-nadgarstek-GymBeam-rozmiar-uniwersalny 1200w,https:\/\/a.allegroimg.com\/original\/119dc8\/c3b017c64e43871f18d4c4ba3d55\/Sciagacz-na-nadgarstek-GymBeam-rozmiar-uniwersalny 1200w\" sizes=\"(min-width: 1200px) 560px, (min-width: 992px) 50vw, 100vw\" srcset=\"https:\/\/assets.allegrostatic.com\/metrum\/metrum-placeholder\/placeholder-405f0\n>\n<\/div>\n<\/div>\n<\/div>\n<div class=\"mp4t_16_s mryx_16_s mr3m_1 mli2_1 mh85_56 mh85_0_l\">\n<div class=\"mgn2_16 _0d3bd_am0a-\">\n<p><b>LIFT lifting straps<\/b> are a practical <b>training aid<\/b> that will help you increase your grip strength when lifting heavy weights. The straps have the popular loop system, whereby you insert your hand into one end of the strap and wrap the remaining part around the barbell. With a length of <b>60.9 cm<\/b> and width of <b>3.8 cm<\/b>, they are easy to wrap around the barbell. This reduces the strain on your forearms and fingers during exercises such as <b>deadlifts<\/b>, meaning you will not be limited by grip strength, so you may even be able to lift <b>heavier weights<\/b> or perform more reps of a given exercise. Such benefits result in increased <b>strength capacity<\/b> and ultimately faster muscle growth.<\/p>\n<\/div>\n<\/div>\n<p>\u00a0 \u00a0 \u00a0 \u00a0 \u00a0 \u00a0\u00a0<\/p>\n<p><b>LIFT Weightlifting Straps <\/b>are made of <b>durable<\/b> nylon. Perfect for <b>bodybuilders, weightlifters, powerlifters, crossfit athletes<\/b> and other athletes who want to increase grip strength.<\/p>\n<p>\u00a0 \u00a0 \u00a0 \u00a0 \u00a0 \u00a0 \u00a0 \u00a0 \u00a0 \u00a0\u00a0<\/p>\n<p>\u00a0 \u00a0 \u00a0 \u00a0<\/p>\n<\/div>\n<\/div>\n<\/div>\n<div class=\"mpof_ki myre_zn myre_8v_l m389_6m_l\">\n<div class=\"mp4t_16_s mryx_16_s mr3m_1 mli2_1 mh85_56 mh85_0_l\">\n<div class=\"mgn2_16 _0d3bd_am0a-\">\n<p>\u00a0 \u00a0 \u00a0 \u00a0 \u00a0 \u00a0 \u00a0 \u00a0 \u00a0 \u00a0\u00a0<\/p>\n<p>\u00a0 \u00a0 \u00a0 \u00a0<\/p>\n<h2>Advantages of LIFT Weightlifting Straps<\/h2>\n<ul>\n<li>weightlifting straps for improved grip strength <\/li>\n<li>reduce strain on wrists, forearms and fingers<\/li>\n<li>60.9 cm long x 3.8 cm wide<\/li>\n<li>made of durable nylon<\/li>\n<li>two straps per pack\u00a0<\/li>\n<li>easy to use<\/li>\n<\/ul>\n<\/div>\n<\/div>\n<\/div>\n<li>idealne do wykonywania martwego ci\u0105gu i podobnych \u0107wicze\u0144 z podnoszeniem ci\u0119\u017caru<\/li>\n<li>idealne dla kulturyst\u00f3w, os\u00f3b podnosz\u0105cych ci\u0119\u017cary i tr\u00f3jboist\u00f3w<\/li>\n<\/ul>\n<p>\u00a0 \u00a0 \u00a0 \u00a0 \u00a0 \u00a0 \u00a0\u00a0<\/p>\n<h2>Materia\u0142<\/h2>\n<p>100% nylon.\u00a0 \u00a0<\/p>\n<p>\u00a0 \u00a0 \u00a0 \u00a0<\/p>\n<h2>Wymiary pas\u00f3w<\/h2>\n<p>Wymiary<\/p>\n<ul>\n<li>D\u0142ugo\u015b\u0107 60,96 cm<\/li>\n<li>Szeroko\u015b\u0107 3,81\u00a0cm<\/li>\n<\/ul>\n<\/div>\n<\/div>\n<\/div>\n<div class=\"mpof_ki myre_zn myre_8v_l m389_6m_l\">\n<div class=\"mp4t_16_s mryx_16_s mr3m_1 mli2_1 mh85_56 mh85_0_l\">\n<div class=\"mgn2_16 _0d3bd_am0a-\">\n<p><b>LIFT Weight Lifting Straps<\/b> are designed to improve your <b>grip<\/b> on the bar during strength training. Simply wrap one end of the strap around your wrist and attach the other end to the barbell. This will help you <b>reduce strain<\/b> on your forearms when performing weightlifting exercises such as a <b>deadlift<\/b>. The straps provide a more <b>stable<\/b> grip, which means you can lift heavier weights or perform more repetitions of an exercise. In the end, this will increase your <b>strength potential<\/b>, while also speeding up muscle <b>growth<\/b>.\u00a0<\/p>\n<\/div>\n<\/div>\n<\/div>\n<div class=\"mp4t_16_s mryx_16_s mr3m_1 mli2_1 mh85_56 mh85_0_l\">\n<div class=\"mg9e_8 mj7a_8 mg9e_0_s mvrt_0_s mj7a_0_s mh36_0_s mzmg_6m munh_16_l m3h2_16_l\">\n<div class=\"mp4t_0 mryx_0 munh_56 m3h2_56\" style=\"max-width:1200px;max-height:1200px\">\n<div class=\"mp7g_oh\" style=\"padding-top:calc(100% * 1200 \/ 1200)\"><button aria-disabled=\"true\" class=\"mg9e_0 mvrt_0 mj7a_0 mh36_0 mp4t_0 m3h2_0 mryx_0 munh_0 mqen_m6 mpof_z0 mx7m_0 m7er_k4 mse2_k4 msts_pt\" data-analytics-interaction=\"true\" data-analytics-interaction-label=\"zoomable-image-open\"><img decoding=\"async\" alt=\"Wrist Wrap GymBeam - Unisize EAN (GTIN) 8586022216695\" class=\"msub_k4 mupj_5k mjru_k4 mse2_k4 mp7g_f6 mq1m_0 mj7u_0 m7er_k4 lazyload mqen_m6 m31c_d8 m0ux_fp\" data-src=\"https:\/\/a.allegroimg.com\/original\/118c57\/24046d4b4680821b1387caad5134\/Wrist%20Wrap%20GymBeam%20-%20Unisize%20EAN%20(GTIN)%208586022\ns:\/\/a.allegroimg.com\/s360\/118c57\/24046d4b4680821b1387caad5134\/Wrist-strap-GymBeam-universal-size-EAN-GTIN-8586022216695 360w,https:\/\/a.allegroimg.com\/s720\/118c57\/24046d4b4680821b1387caad5134\/Wrist-strap-GymBeam-universal-size-EAN-GTIN-8586022216695 720w,https:\/\/a.allegroimg.com\/s1024\/118c57\/24046d4b4680821b1387caad5134\/Wrist-strap-GymBeam-universal-size-EAN-GTIN-8586022216695 1024w,https:\/\/a.allegroimg.com\/s1440\/118c57\/24046d4b4680821b1387caad5134\/Wrist-strap-GymBeam-universal-size-EAN-GTIN-8586022216695 1200w,https:\/\/a.allegroimg.com\/original\/118c57\/24046d4b4680821b1387caad5134\/Wrist-strap-GymBeam-universal-size-EAN-GTIN-8586022216695 1200w\" sizes=\"(min-width: 1200px) 560px, (min-width: 992px) 50vw, 100vw\" src=\"https:\/\/assets.allegrostatic.com\/metrum\n<button class=\"au-animate-fade-in au-animate-scale-up\" data-slick-track-id=\"button-track\" tabindex=\"0\" role=\"button\" aria-label=\"Add to cart button\"><br \/>\n<svg xmlns=\"http:\/\/www.w3.org\/2000\/svg\" viewBox=\"0 0 16 16\" width=\"1200px\" height=\"auto\" fill=\"none\" stroke=\"currentColor\" stroke-width=\"2\" stroke-linecap=\"round\" stroke-linejoin=\"round\" class=\"au-animate-fade-in au-animate-scale-up\">\n<path d=\"M8 4l3.51 3.51L10.79 7.19l2.61 2.61L13 9.4l-3.51 3.51z\"\/>\n<\/svg><br \/>\n<\/button><\/div>\n<\/div>\n<\/div>\n<\/div>\n<\/div>\n<div class=\"mpof_ki myre_zn myre_8v_l m389_6m_l\">\n<div class=\"mp4t_16_s mryx_16_s mr3m_1 mli2_1 mh85_56 mh85_0_l\">\n<div class=\"mg9e_8 mj7a_8 mg9e_0_s mvrt_0_s mj7a_0_s mh36_0_s mzmg_6m munh_16_l m3h2_16_l\">\n<div class=\"mp4t_0 mryx_0 munh_56 m3h2_56\" style=\"max-width:1200px;max-height:1200px\">\n<div class=\"mp7g_oh\" style=\"padding-top:calc(100% * 1200 \/ 1200)\"><button aria-disabled=\"true\" class=\"mg9e_0 mvrt_0 mj7a_0 mh36_0 mp4t_0 m3h2_0 mryx_0 munh_0 mqen_m6 mpof_z0 mx7m_0 m7er_k4 mse2_k4 msts_pt\" data-analytics-interaction=\"true\" data-analytics-interaction-label=\"zoomable-image-open\"><img decoding=\"async\" alt=\"Wrist Wrap GymBeam - Unisex, Size: Universal, Manufacturer's code 50682257\" class=\"msub_k4 mupj_5k mjru_k4 mse2_k4 mp7g_f6 mq1m_0 mj7u_0 m7er_k4 lazyload mqen_m6 m31c_d8 m0ux_fp\" data-src=\"https:\/\/a.allegroimg.com\/original\/112225\/cbc1da7043b3a4d719f824efcd96\/Wrist%20Wrap%20GymBeam%20-%20\n<img decoding=\"async\" class=\"AlegroImage\" alt=\"Nadgarstek Wrist Wrap GymBeam, rozmiar uniwersalny - Kod producenta: 50682257\" data-srcset=\"https:\/\/a.allegroimg.com\/s360\/112225\/cbc1da7043b3a4d719f824efcd96\/Wrist Wrap GymBeam, rozmiar uniwersalny - Kod producenta: 50682257.360w,https:\/\/a.allegroimg.com\/s720\/112225\/cbc1da7043b3a4d719f824efcd96\/Wrist Wrap GymBeam, rozmiar uniwersalny - Kod producenta: 50682257.720w,https:\/\/a.allegroimg.com\/s1024\/112225\/cbc1da7043b3a4d719f824efcd96\/Wrist Wrap GymBeam, rozmiar uniwersalny - Kod producenta: 50682257.1024w,https:\/\/a.allegroimg.com\/s1440\/112225\/cbc1da7043b3a4d719f824efcd96\/Wrist Wrap GymBeam, rozmiar uniwersalny - Kod producenta: 50682257.1200w,https:\/\/a.allegroimg.com\/original\/112225\/cbc1da7043b3a4d719f824efcd96\/Wrist Wrap GymBeam, rozmiar uniwersalny - Kod producenta: 50682257.1200w\" sizes=\"100vw\" src=\"https:\/\/assets.allegrostatic.com\/metrum\/met\nhttps:\/\/assets.allegrostatic.com\/metrum\/metrum-placeholder\/placeholder-405f0677c6.svg\" width=\"1200px\"\/><\/button><\/div\n<\/div>\n<\/div>\n<\/div>\n<\/div>\n","protected":false},"excerpt":{"rendered":"<p>LIFT weightlifting straps improve your grip on the barbell, allowing you to lift heavier weights or perform more reps LIFT lifting straps are a practical training aid that will help you increase your grip strength when lifting heavy weights. The straps have the popular loop system, whereby you insert your hand into one end of [&hellip;]<\/p>\n","protected":false},"featured_media":117,"comment_status":"open","ping_status":"closed","template":"","meta":[],"product_brand":[],"product_cat":[15],"product_tag":[],"class_list":{"0":"post-29","1":"product","2":"type-product","3":"status-publish","4":"has-post-thumbnail","6":"product_cat-uncategorized","8":"first","9":"instock","10":"shipping-taxable","11":"purchasable","12":"product-type-simple"},"_links":{"self":[{"href":"https:\/\/doper.parcelselector.com\/index.php?rest_route=\/wp\/v2\/product\/29","targetHints":{"allow":["GET"]}}],"collection":[{"href":"https:\/\/doper.parcelselector.com\/index.php?rest_route=\/wp\/v2\/product"}],"about":[{"href":"https:\/\/doper.parcelselector.com\/index.php?rest_route=\/wp\/v2\/types\/product"}],"replies":[{"embeddable":true,"href":"https:\/\/doper.parcelselector.com\/index.php?rest_route=%2Fwp%2Fv2%2Fcomments&post=29"}],"wp:featuredmedia":[{"embeddable":true,"href":"https:\/\/doper.parcelselector.com\/index.php?rest_route=\/wp\/v2\/media\/117"}],"wp:attachment":[{"href":"https:\/\/doper.parcelselector.com\/index.php?rest_route=%2Fwp%2Fv2%2Fmedia&parent=29"}],"wp:term":[{"taxonomy":"product_brand","embeddable":true,"href":"https:\/\/doper.parcelselector.com\/index.php?rest_route=%2Fwp%2Fv2%2Fproduct_brand&post=29"},{"taxonomy":"product_cat","embeddable":true,"href":"https:\/\/doper.parcelselector.com\/index.php?rest_route=%2Fwp%2Fv2%2Fproduct_cat&post=29"},{"taxonomy":"product_tag","embeddable":true,"href":"https:\/\/doper.parcelselector.com\/index.php?rest_route=%2Fwp%2Fv2%2Fproduct_tag&post=29"}],"curies":[{"name":"wp","href":"https:\/\/api.w.org\/{rel}","templated":true}]}}